{"id":171,"date":"2024-06-04T09:58:26","date_gmt":"2024-06-04T09:58:26","guid":{"rendered":"http:\/\/www.inkalle.fi\/salaisuuksienkartta\/?page_id=171"},"modified":"2024-06-05T10:54:24","modified_gmt":"2024-06-05T10:54:24","slug":"ohjeet","status":"publish","type":"page","link":"http:\/\/www.inkalle.fi\/salaisuuksienkartta\/ohjeet\/","title":{"rendered":"Ohjeet"},"content":{"rendered":"\n<p>Salaisuuksien kartan k\u00e4ytt\u00f6 on melkein yht\u00e4 helppoa kuin loikoilu riippumatossa. T\u00e4ss\u00e4 lyhyet ohjeet miten p\u00e4\u00e4set aloittamaan seikkailun<\/p>\n\n\n\n<ol class=\"wp-block-list\">\n<li>Lataa QR-koodin lukija App storesta(iPhone) Tai Playkaupasta (Android) Mahdollista on k\u00e4ytt\u00e4\u00e4 my\u00f6s esim snapchatin kameraa. Jossain puhelinmalleissa puhelimen oma kamerakin lukee QR-koodeja.<\/li>\n\n\n\n<li>Valitse kartalta kohde johon haluat retkeill\u00e4. Suosittelemme ehdottomasti kaikkien kohteiden l\u00e4pi k\u00e4ymist\u00e4. <\/li>\n\n\n\n<li>Skannaa kohteen numeroa vastaava QR-koodi<\/li>\n\n\n\n<li>Aukeavasta linkist\u00e4 saat kohteen lis\u00e4tiedot ja sijainnin<\/li>\n\n\n\n<li>Seikkailu voi alkaa<\/li>\n\n\n\n<li>Jos k\u00e4yt\u00e4t instagrammia muista jakaa fiiliksi\u00e4 t\u00e4g\u00e4\u00e4m\u00e4ll\u00e4 joko  @inkalleoy tai #inkalleoy<\/li>\n<\/ol>\n\n\n\n<p>Tarkoituksemme on mahdollistaa retkeilyn mahtavuus kaikille listaamalla n\u00e4m\u00e4 valitut kohteet kartalle. Jokainen seikkailija liikkuu luonnossa omalla vastuullaan ja jokamiehen oikeuksia kunnioittaen.<\/p>\n\n\n\n<p>Inkalle Oy ei vastaa kenenk\u00e4\u00e4n retkeilij\u00e4n toiminnasta luonnossa ja toimimme vain tietopankkina kohteista. <\/p>\n","protected":false},"excerpt":{"rendered":"<p>Salaisuuksien kartan k\u00e4ytt\u00f6 on melkein yht\u00e4 helppoa kuin loikoilu riippumatossa. T\u00e4ss\u00e4 lyhyet ohjeet miten p\u00e4\u00e4set aloittamaan seikkailun Tarkoituksemme on mahdollistaa retkeilyn mahtavuus kaikille listaamalla n\u00e4m\u00e4 valitut kohteet kartalle. Jokainen seikkailija liikkuu luonnossa omalla vastuullaan ja jokamiehen oikeuksia kunnioittaen. Inkalle Oy ei vastaa kenenk\u00e4\u00e4n retkeilij\u00e4n toiminnasta luonnossa ja toimimme vain tietopankkina kohteista.<\/p>\n","protected":false},"author":1,"featured_media":0,"parent":0,"menu_order":0,"comment_status":"closed","ping_status":"closed","template":"","meta":{"footnotes":""},"class_list":["post-171","page","type-page","status-publish","hentry"],"_links":{"self":[{"href":"http:\/\/www.inkalle.fi\/salaisuuksienkartta\/wp-json\/wp\/v2\/pages\/171","targetHints":{"allow":["GET"]}}],"collection":[{"href":"http:\/\/www.inkalle.fi\/salaisuuksienkartta\/wp-json\/wp\/v2\/pages"}],"about":[{"href":"http:\/\/www.inkalle.fi\/salaisuuksienkartta\/wp-json\/wp\/v2\/types\/page"}],"author":[{"embeddable":true,"href":"http:\/\/www.inkalle.fi\/salaisuuksienkartta\/wp-json\/wp\/v2\/users\/1"}],"replies":[{"embeddable":true,"href":"http:\/\/www.inkalle.fi\/salaisuuksienkartta\/wp-json\/wp\/v2\/comments?post=171"}],"version-history":[{"count":4,"href":"http:\/\/www.inkalle.fi\/salaisuuksienkartta\/wp-json\/wp\/v2\/pages\/171\/revisions"}],"predecessor-version":[{"id":227,"href":"http:\/\/www.inkalle.fi\/salaisuuksienkartta\/wp-json\/wp\/v2\/pages\/171\/revisions\/227"}],"wp:attachment":[{"href":"http:\/\/www.inkalle.fi\/salaisuuksienkartta\/wp-json\/wp\/v2\/media?parent=171"}],"curies":[{"name":"wp","href":"https:\/\/api.w.org\/{rel}","templated":true}]}}