{"id":172,"date":"2024-06-04T09:58:26","date_gmt":"2024-06-04T09:58:26","guid":{"rendered":"http:\/\/www.inkalle.fi\/salaisuuksienkartta\/?page_id=172"},"modified":"2024-06-28T06:49:52","modified_gmt":"2024-06-28T06:49:52","slug":"yhteistyokumppanit","status":"publish","type":"page","link":"http:\/\/www.inkalle.fi\/salaisuuksienkartta\/yhteistyokumppanit\/","title":{"rendered":"Yhteisty\u00f6kumppanit"},"content":{"rendered":"\n<figure class=\"wp-block-image size-full is-resized\"><a href=\"https:\/\/leipyoli.com\" target=\"_blank\" rel=\"noreferrer noopener\"><img loading=\"lazy\" decoding=\"async\" width=\"542\" height=\"186\" src=\"http:\/\/www.inkalle.fi\/salaisuuksienkartta\/wp-content\/uploads\/2024\/06\/Screenshot-2024-06-11-at-17.54.36.png\" alt=\"\" class=\"wp-image-438\" style=\"width:350px;height:auto\" srcset=\"http:\/\/www.inkalle.fi\/salaisuuksienkartta\/wp-content\/uploads\/2024\/06\/Screenshot-2024-06-11-at-17.54.36.png 542w, http:\/\/www.inkalle.fi\/salaisuuksienkartta\/wp-content\/uploads\/2024\/06\/Screenshot-2024-06-11-at-17.54.36-300x103.png 300w\" sizes=\"auto, (max-width: 542px) 100vw, 542px\" \/><\/a><\/figure>\n\n\n\n<figure class=\"wp-block-image size-full is-resized\"><a href=\"https:\/\/www.instagram.com\/skotlanti__boden\" target=\"_blank\" rel=\"noreferrer noopener\"><img loading=\"lazy\" decoding=\"async\" width=\"364\" height=\"344\" src=\"http:\/\/www.inkalle.fi\/salaisuuksienkartta\/wp-content\/uploads\/2024\/06\/skotlantibodenlogo.png\" alt=\"\" class=\"wp-image-459\" style=\"width:187px;height:auto\" srcset=\"http:\/\/www.inkalle.fi\/salaisuuksienkartta\/wp-content\/uploads\/2024\/06\/skotlantibodenlogo.png 364w, http:\/\/www.inkalle.fi\/salaisuuksienkartta\/wp-content\/uploads\/2024\/06\/skotlantibodenlogo-300x284.png 300w\" sizes=\"auto, (max-width: 364px) 100vw, 364px\" \/><\/a><\/figure>\n\n\n\n<p><strong>Logosi t\u00e4h\u00e4n? <\/strong><\/p>\n\n\n\n<p>Ota rohkeasti yhteytt\u00e4 jos sinulla on tarjota paikkaa karttamme myyntiin tai jos haluat muuten lunastaa paikkasi t\u00e4lle sivulle. Saat n\u00e4kyvyytt\u00e4 my\u00f6s sosiaalisessamediassamme (Instagram ja Facebook).<\/p>\n","protected":false},"excerpt":{"rendered":"<p>Logosi t\u00e4h\u00e4n? Ota rohkeasti yhteytt\u00e4 jos sinulla on tarjota paikkaa karttamme myyntiin tai jos haluat muuten lunastaa paikkasi t\u00e4lle sivulle. Saat n\u00e4kyvyytt\u00e4 my\u00f6s sosiaalisessamediassamme (Instagram ja Facebook).<\/p>\n","protected":false},"author":1,"featured_media":0,"parent":0,"menu_order":0,"comment_status":"closed","ping_status":"closed","template":"","meta":{"footnotes":""},"class_list":["post-172","page","type-page","status-publish","hentry"],"_links":{"self":[{"href":"http:\/\/www.inkalle.fi\/salaisuuksienkartta\/wp-json\/wp\/v2\/pages\/172","targetHints":{"allow":["GET"]}}],"collection":[{"href":"http:\/\/www.inkalle.fi\/salaisuuksienkartta\/wp-json\/wp\/v2\/pages"}],"about":[{"href":"http:\/\/www.inkalle.fi\/salaisuuksienkartta\/wp-json\/wp\/v2\/types\/page"}],"author":[{"embeddable":true,"href":"http:\/\/www.inkalle.fi\/salaisuuksienkartta\/wp-json\/wp\/v2\/users\/1"}],"replies":[{"embeddable":true,"href":"http:\/\/www.inkalle.fi\/salaisuuksienkartta\/wp-json\/wp\/v2\/comments?post=172"}],"version-history":[{"count":10,"href":"http:\/\/www.inkalle.fi\/salaisuuksienkartta\/wp-json\/wp\/v2\/pages\/172\/revisions"}],"predecessor-version":[{"id":462,"href":"http:\/\/www.inkalle.fi\/salaisuuksienkartta\/wp-json\/wp\/v2\/pages\/172\/revisions\/462"}],"wp:attachment":[{"href":"http:\/\/www.inkalle.fi\/salaisuuksienkartta\/wp-json\/wp\/v2\/media?parent=172"}],"curies":[{"name":"wp","href":"https:\/\/api.w.org\/{rel}","templated":true}]}}