{"id":174,"date":"2024-06-04T09:58:26","date_gmt":"2024-06-04T09:58:26","guid":{"rendered":"http:\/\/www.inkalle.fi\/salaisuuksienkartta\/?page_id=174"},"modified":"2024-06-28T06:45:53","modified_gmt":"2024-06-28T06:45:53","slug":"hanki-kartta","status":"publish","type":"page","link":"http:\/\/www.inkalle.fi\/salaisuuksienkartta\/hanki-kartta\/","title":{"rendered":"Hanki kartta"},"content":{"rendered":"\n<p class=\"has-text-align-center\">Kartat l\u00f6yt\u00e4v\u00e4t itsens\u00e4 kes\u00e4n aikana eri myyntipisteisiin. Meill\u00e4 on usein my\u00f6s mukana karttoja ja kortti p\u00e4\u00e4te, joten rohkeasti vain jutulle jos tulet jossain vastaan.<\/p>\n\n\n\n<p class=\"has-text-align-center\"><strong>Myyntipaikat<\/strong> (P\u00e4ivitetty 28.6.2024)<\/p>\n\n\n\n<p class=\"has-text-align-center\"><a href=\"https:\/\/leipyoli.com\" target=\"_blank\" rel=\"noreferrer noopener\">Leipy\u00f6li &#8211; tilapuoti<\/a><\/p>\n\n\n\n<p class=\"has-text-align-center\"><a href=\"https:\/\/www.instagram.com\/skotlanti__boden\" target=\"_blank\" rel=\"noreferrer noopener\">Skotlanti Boden<\/a><\/p>\n\n\n\n<p class=\"has-text-align-center\">Kartan hinta 30 euroa sis\u00e4lt\u00e4en tekemist\u00e4 monelle p\u00e4iv\u00e4lle retkeilyn merkeiss\u00e4.<\/p>\n\n\n\n<p><\/p>\n\n\n<div class=\"wp-block-image\">\n<figure class=\"aligncenter size-large is-resized\"><img loading=\"lazy\" decoding=\"async\" width=\"1024\" height=\"947\" src=\"http:\/\/www.inkalle.fi\/salaisuuksienkartta\/wp-content\/uploads\/2024\/06\/ostakartta-1024x947.png\" alt=\"\" class=\"wp-image-230\" style=\"width:480px;height:auto\" srcset=\"http:\/\/www.inkalle.fi\/salaisuuksienkartta\/wp-content\/uploads\/2024\/06\/ostakartta-1024x947.png 1024w, http:\/\/www.inkalle.fi\/salaisuuksienkartta\/wp-content\/uploads\/2024\/06\/ostakartta-300x277.png 300w, http:\/\/www.inkalle.fi\/salaisuuksienkartta\/wp-content\/uploads\/2024\/06\/ostakartta-768x710.png 768w, http:\/\/www.inkalle.fi\/salaisuuksienkartta\/wp-content\/uploads\/2024\/06\/ostakartta-850x786.png 850w, http:\/\/www.inkalle.fi\/salaisuuksienkartta\/wp-content\/uploads\/2024\/06\/ostakartta.png 1226w\" sizes=\"auto, (max-width: 1024px) 100vw, 1024px\" \/><\/figure><\/div>\n\n\n<p class=\"has-text-align-center\">Maksut hoituvat n\u00e4pp\u00e4r\u00e4sti pankkikortilla sill\u00e4 meill\u00e4 on k\u00e4yt\u00f6ss\u00e4 Izettle kortinlukija<\/p>\n\n\n\n<p><\/p>\n","protected":false},"excerpt":{"rendered":"<p>Kartat l\u00f6yt\u00e4v\u00e4t itsens\u00e4 kes\u00e4n aikana eri myyntipisteisiin. Meill\u00e4 on usein my\u00f6s mukana karttoja ja kortti p\u00e4\u00e4te, joten rohkeasti vain jutulle jos tulet jossain vastaan. Myyntipaikat (P\u00e4ivitetty 28.6.2024) Leipy\u00f6li &#8211; tilapuoti Skotlanti Boden Kartan hinta 30 euroa sis\u00e4lt\u00e4en tekemist\u00e4 monelle p\u00e4iv\u00e4lle retkeilyn merkeiss\u00e4. Maksut hoituvat n\u00e4pp\u00e4r\u00e4sti pankkikortilla sill\u00e4 meill\u00e4 on k\u00e4yt\u00f6ss\u00e4 Izettle kortinlukija<\/p>\n","protected":false},"author":1,"featured_media":0,"parent":0,"menu_order":0,"comment_status":"closed","ping_status":"closed","template":"","meta":{"footnotes":""},"class_list":["post-174","page","type-page","status-publish","hentry"],"_links":{"self":[{"href":"http:\/\/www.inkalle.fi\/salaisuuksienkartta\/wp-json\/wp\/v2\/pages\/174","targetHints":{"allow":["GET"]}}],"collection":[{"href":"http:\/\/www.inkalle.fi\/salaisuuksienkartta\/wp-json\/wp\/v2\/pages"}],"about":[{"href":"http:\/\/www.inkalle.fi\/salaisuuksienkartta\/wp-json\/wp\/v2\/types\/page"}],"author":[{"embeddable":true,"href":"http:\/\/www.inkalle.fi\/salaisuuksienkartta\/wp-json\/wp\/v2\/users\/1"}],"replies":[{"embeddable":true,"href":"http:\/\/www.inkalle.fi\/salaisuuksienkartta\/wp-json\/wp\/v2\/comments?post=174"}],"version-history":[{"count":15,"href":"http:\/\/www.inkalle.fi\/salaisuuksienkartta\/wp-json\/wp\/v2\/pages\/174\/revisions"}],"predecessor-version":[{"id":458,"href":"http:\/\/www.inkalle.fi\/salaisuuksienkartta\/wp-json\/wp\/v2\/pages\/174\/revisions\/458"}],"wp:attachment":[{"href":"http:\/\/www.inkalle.fi\/salaisuuksienkartta\/wp-json\/wp\/v2\/media?parent=174"}],"curies":[{"name":"wp","href":"https:\/\/api.w.org\/{rel}","templated":true}]}}